e 16) in base 2?
-1010001001111010000
-2160013 (base 12) to base 3
-102221101000120
-1001000001010001001 (base 2) to base 12
-123061
What is -220112021112 (base 3) in base 15?
-980bb
Convert -36241544 (base 8) to base 6.
-442200100
-220332031 (base 5) to base 4
-3213230120
Convert -51663a (base 16) to base 14.
-9cc13c
-4212423020 (base 5) to base 13
-1a62a56
Convert 125430 (base 12) to base 16.
49224
What is -11102022202 (base 3) in base 11?
-5a39a
What is 5719032 (base 10) in base 16?
5743f8
Convert -117440 (base 13) to base 7.
-3351500
What is 44230000 (base 5) in base 6?
12113421
Convert -2010102210011 (base 3) to base 5.
-242134041
721224 (base 8) to base 16
3a294
What is -2425142 (base 6) in base 10?
-128150
Convert 255761 (base 8) to base 7.
520455
7a775 (base 11) to base 3
12221010012
-2072516 (base 9) to base 3
-2002102120120
What is 3575a5 (base 11) in base 10?
566395
What is 243034424 (base 5) in base 11?
710925
-abc79 (base 13) to base 15
-6263a
Convert -1c372 (base 16) to base 5.
-12144240
Convert 874639 (base 12) to base 10.
2143629
-12aae (base 15) to base 16
-e98d
Convert 3375098 (base 10) to base 6.
200201242
-42b007 (base 15) to base 10
-3175882
Convert -1017792 (base 10) to base 14.
-1c6cb6
Convert -a78aaa (base 12) to base 13.
-71989c
201000210312 (base 4) to base 10
8653110
-150211 (base 7) to base 6
-341514
What is 51d439 (base 14) in base 7?
32331302
-5035515 (base 7) to base 4
-2101312230
Convert a51c54 (base 14) to base 4.
111101031002
What is 140517 (base 10) in base 8?
422345
What is bb5014 (base 13) in base 14?
82accc
-1037153 (base 11) to base 14
-35711a
21200001020 (base 3) to base 13
53916
What is 250020 (base 7) in base 9?
68533
Convert -1354872 (base 11) to base 10.
-2334290
Convert 4567155 (base 8) to base 6.
42331525
-1010101100011 (base 2) to base 4
-1111203
Convert 4011320 (base 7) to base 10.
473501
What is a4cc3 (base 15) in base 12?
212549
What is -11767110 (base 9) in base 4?
-112001100120
Convert -432527 (base 9) to base 10.
-257767
What is -110133022 (base 5) in base 15?
-95742
What is 48053 (base 9) in base 14?
b9c8
Convert 810787 (base 10) to base 15.
110377
-1143120 (base 7) to base 11
-9a067
-78782 (base 11) to base 2
-11011110110011000
7b1507 (base 14) to base 16
3ff363
11001101100100011111011 (base 2) to base 15
8d0d4d
Convert 221040203 (base 5) to base 13.
275cb9
-5046 (base 8) to base 4
-220212
Convert 4fba0c (base 16) to base 5.
2314144342
What is -30786 (base 11) in base 5?
-2413424
What is -100010100110001100 (base 2) in base 8?
-424614
Convert -49608 (base 12) to base 9.
-161268
246989 (base 10) to base 5
30400424
-102276300 (base 8) to base 9
-35657815
Convert -130130013 (base 4) to base 11.
-7a578
What is -1013321322 (base 4) in base 9?
-488006
10241301 (base 9) to base 7
56614114
What is 289046 (base 11) in base 5?
103420014
What is 1230ea4 (base 15) in base 16?
c7596a
586571 (base 9) to base 7
2665630
What is 7708 (base 12) in base 6?
140412
Convert -568716 (base 10) to base 16.
-8ad8c
Convert 153200 (base 9) to base 8.
267773
What is -10102101120 (base 3) in base 5?
-4123403
Convert 4e60a (base 15) to base 9.
422411
-12131340423 (base 5) to base 14
-1c8c41a
-2754080 (base 9) to base 8
-5611122
Convert -42205333 (base 7) to base 14.
-68b28a
3030105 (base 13) to base 5
12212110114
What is 14243114 (base 5) in base 10?
149784
Convert 1a23b (base 12) to base 9.
57542
-266608 (base 14) to base 3
-2111020220100
What is 1028c (base 13) in base 11?
1a888
What is 10000101111011101111 (base 2) in base 16?
85eef
Convert -658500 (base 11) to base 3.
-1222101101012
What is ae471 (base 15) in base 14?
106118
What is -47bba1 (base 14) in base 15?
-336ac9
Convert 27aa67 (base 11) to base 16.
6b38e
What is -37156 (base 15) in base 5?
-21111211
What is 30001233 (base 5) in base 7?
1664605
122507 (base 11) to base 13
6a17b
What is 1111000001101010 (base 2) in base 4?
33001222
2413204031 (base 5) to base 6
320012152
Convert 101001111010010010110 (base 2) to base 9.
2522766
131479 (base 10) to base 5
13201404
Convert 1b12602 (base 12) to base 10.
5748194
-50173606 (base 8) to base 5
-10200033001
Convert -152444462 (base 7) to base 12.
-34b8742
What is 834480 (base 9) in base 11?
309212
What is -144025332 (base 6) in base 3?
-12121220012202
Convert 6497 (base 13) to base 15.
4222
Convert 424035 (base 6) to base 5.
2101313
Convert -110151 (base 10) to base 12.
-538b3
-112002001130 (base 4) to base 11
-3295201
Convert -23332216 (base 7) to base 3.
-10212120200001
3a877 (base 13) to base 16
1aa2f
Convert 144983 (base 12) to base 7.
2614332
9433ac (base 13) to base 6
202120545
What is 111110111101001100100 (base 2) in base 8?
7675144
Convert -111010001001001 (base 2) to base 8.
-72111
What is 2120200002102 (base 3) in base 8?
5166262
What is 1532566 (base 8) in base 6?
13231302
Convert -130402110 (base 6) to base 11.
-1492673
Convert 4acbc (base 13) to base 8.
416235
-234040 (base 8) to base 13
-2a4a6
-798220 (base 11) to base 6
-43115450
11001011110100011101 (base 2) to base 6
25521005
390212 (base 12) to base 15
136882
What is -3224603 (base 8) in base 6?
-30253255
What is -18193f (base 16) in base 2?
-110000001100100111111
1012401 (base 7) to base 15
25c73
Convert 2330302023 (base 4) to base 7.
6400254
What is -173362 (base 9) in base 16?
-1a3c6
What is 372450 (base 8) in base 13?
4651c
Convert -38467a (base 12) to base 11.
-579445
Convert -120503512 (base 6) to base 12.
-91ab98
Convert -22132451 (base 7) to base 15.
-27a1e2
Convert 6728262 (base 9) to base 5.
1411334121
What is -111201220012 (base 3) in base 6?
-5443435
Convert 2760044 (base 9) to base 2.
101110010000001101111
Convert -45242e (base 16) to base 14.
-85d486
Convert 23244 (base 8) to base 7.
40561
Convert 73ed6b (base 16) to base 7.
121401624
What is 3552703 (base 8) in base 16?
ed5c3
10560503 (base 7) to base 15
1333c2
What is 3025902 (base 10) in base 5?
1233312102
Convert 241153020 (base 6) to base 12.
162b770
Convert -102111222112102 (base 3) to base 11.
-3500942
What is -1431ead (base 15) in base 5?
-12213233223
Convert 103921 (base 16) to base 7.
12015466
-59c77 (base 14) to base 12
-a6a55
What is 204424133 (base 5) in base 16?
d17bb
Convert -10b6794 (base 12) to base 14.
-5dd6da
What is -145300 (base 9) in base 16?
-15c5d
Convert 2202011221012 (base 3) to base 16.
1647aa
What is 217b3 (base 13) in base 12?
2b120
What is 168175 (base 9) in base 10?
104396
What is 3251752 (base 9) in base 14?
33670d
-1511376 (base 12) to base 15
-5902c0
What is -12901496 (base 10) in base 15?
-11ec9eb
Convert -5a87 (base 14) to base 9.
-23604
Convert -13731410 (base 8) to base 3.
-12212211002200
-14005033 (base 8) to base 6
-151251311
-1c694 (base 13) to base 9
-84808
11100112111 (base 3) to base 5
10220214
What is -24718 (base 15) in base 6?
-2254352
Convert 32a034 (base 11) to base 2.
10000000010111010110
Convert -2132030302 (base 4) to base 11.
-402929
110011100011110001001 (base 2) to base 15
2358c1
-11104100 (base 5) to base 16
-17c78
Convert 4414211 (base 7) to base 3.
1000112002002
10100101100111101000101 (base 2) to base 16
52cf45
3a2048 (base 13) to base 9
2568756
What is -139000 (base 12) in base 5?
-40422332
What is 19903c (base 14) in base 7?
10502105
What is 2325253 (base 6) in base 14?
31c53
What is -4b1c43 (base 15) in base 12?
-1257769
-12011332 (base 4) to base 9
-37211
2110000220121 (base 3) to base 5
313042432
-9f4c3 (base 16) to base 2
-10011111010011000011
Convert -19c1a8 (base 16) to base 3.
-10011202110122
What is 35853 (base 10) in base 5?
2121403
-325245 (base 8) to base 5
-11443341
What is 480517 (base 13) in base 6?
100425341
Convert -5400a (base 11) to base 7.
-444656
Convert 1352471 (base 8) to base 6.
12105425
What is 1350411 (base 6) in base 9?
126077
What is -145a08 (base 12) in base 2?
-1010011011101101000
What is 127324 (base 13) in base 15?
8b9c1
What is -5a821 (base 11) in base 6?
-1513042
Convert -5446 (base 14) to base 12.
-851a
354165 (base 7) to base 2
1111100110010110
Convert -11161 (base 11) to base 2.
-11111100100000
Convert -8340485 (base 9) to base 11.
-2573391
1210011021002 (base 3) to base 11
59818a
Convert -14370425 (base 9) to base 11.
-4031547
-b8717 (base 14) to base 7
-3535030
Convert 1d1747 (base 1